{"id":3116,"date":"2024-09-20T11:27:38","date_gmt":"2024-09-20T11:27:38","guid":{"rendered":"https:\/\/pyreneesguides.compsaonline.com\/?post_type=programa&#038;p=3116"},"modified":"2024-11-25T23:12:47","modified_gmt":"2024-11-25T23:12:47","slug":"sant-llorenc-de-montgai-espero-sud-y-diedre-blanqueta","status":"publish","type":"programa","link":"https:\/\/pyreneesguides.compsaonline.com\/en\/programa\/sant-llorenc-de-montgai-espero-sud-y-diedre-blanqueta\/","title":{"rendered":"Sant Lloren\u00e7 de Montgai: Esper\u00f3 Sud y Diedre Blanqueta"},"content":{"rendered":"\n<h3 class=\"wp-block-heading\"><strong>Diedro Blanqueta (V+, 120 m)<\/strong><\/h3>\n\n\n\n<ul class=\"wp-block-list\">\n<li><strong>Ubicaci\u00f3n<\/strong>: Situada en la pared de Sant Lloren\u00e7 de Montgai, es una v\u00eda cl\u00e1sica muy conocida por su est\u00e9tica y la calidad de la roca calc\u00e1rea.<\/li>\n\n\n\n<li><strong>Caracter\u00edsticas<\/strong>:\n<ul class=\"wp-block-list\">\n<li>El trazado sigue un diedro muy marcado y evidente, lo que hace que la escalada sea muy l\u00f3gica y t\u00e9cnica.<\/li>\n\n\n\n<li>Combina movimientos de oposici\u00f3n, pasos en fisura y apoyos t\u00e9cnicos en placas.<\/li>\n\n\n\n<li>La dificultad est\u00e1 concentrada en pasos concretos, con secciones sostenidas pero bien protegidas.<\/li>\n\n\n\n<li>Ideal para quienes buscan iniciarse en escaladas de autoprotecci\u00f3n, ya que permite colocar seguros flotantes (fisureros o friends) en varias secciones.<\/li>\n<\/ul>\n<\/li>\n\n\n\n<li><strong>Ambiente<\/strong>: Ofrece vistas espectaculares del embalse de Sant Lloren\u00e7 y el entorno natural circundante, lo que a\u00f1ade un plus al disfrute de la v\u00eda.<\/li>\n<\/ul>\n\n\n\n<h3 class=\"wp-block-heading\"><strong>Esper\u00f3 Sur (V+, 140 m)<\/strong><\/h3>\n\n\n\n<ul class=\"wp-block-list\">\n<li><strong>Ubicaci\u00f3n<\/strong>: Tambi\u00e9n en Sant Lloren\u00e7 de Montgai, en una pared cercana al Diedro Blanqueta. Es una de las l\u00edneas m\u00e1s cl\u00e1sicas y frecuentadas de la zona.<\/li>\n\n\n\n<li><strong>Caracter\u00edsticas<\/strong>:\n<ul class=\"wp-block-list\">\n<li>La v\u00eda sigue un espol\u00f3n bien definido, con pasos variados que alternan entre placas t\u00e9cnicas y peque\u00f1as fisuras.<\/li>\n\n\n\n<li>Aunque la dificultad m\u00e1xima es similar (V+), tiene una escalada m\u00e1s expuesta en algunos puntos, lo que la hace interesante para escaladores con algo de experiencia.<\/li>\n\n\n\n<li>Los seguros son moderadamente generosos, con parabolts y reuniones equipadas, aunque es recomendable llevar material flotante para complementar.<\/li>\n<\/ul>\n<\/li>\n\n\n\n<li><strong>Ambiente<\/strong>: La exposici\u00f3n del espol\u00f3n hace que sea una v\u00eda muy fotog\u00e9nica, perfecta para quienes disfrutan de paisajes abiertos y vistas panor\u00e1micas.<\/li>\n<\/ul>\n\n\n\n<p><\/p>\n","protected":false},"excerpt":{"rendered":"<p>Diedro Blanqueta (V+, 120 m) Esper\u00f3 Sur (V+, 140 m)<\/p>\n","protected":false},"author":1,"featured_media":3190,"comment_status":"open","ping_status":"closed","template":"","meta":[],"categories":[7,101],"tags":[],"temporada":[51],"dia":[37],"lugar":[59],"class_list":["post-3116","programa","type-programa","status-publish","has-post-thumbnail","hentry","category-escalada","category-via-larga","temporada-invierno","dia-2-dias","lugar-pirineos-zona"],"meta_box":{"tipo_ficha":"completo","image_advanced_kipp98qmooe":[],"modalidad_categoria":[{"term_id":7,"name":"Escalada","slug":"escalada","term_group":0,"term_taxonomy_id":7,"taxonomy":"category","description":"La escalada es una pr\u00e1ctica deportiva que, en su modalidad cl\u00e1sica, consiste en subir o recorrer paredes de roca, u otros relieves naturales caracterizados por su verticalidad, empleando medios de aseguramiento y la posibilidad en su progresi\u00f3n de utilizar medios artificiales. La dificultad de una v\u00eda se marca por la combinaci\u00f3n de varios factores: la inclinaci\u00f3n de la pared, el tama\u00f1o y forma de los agarres, la distancia entre ellos, los puntos de reposo y el n\u00famero total de movimientos.","parent":0,"count":25,"filter":"raw"},{"term_id":101,"name":"Via larga","slug":"via-larga","term_group":0,"term_taxonomy_id":101,"taxonomy":"category","description":"","parent":7,"count":8,"filter":"raw"}],"ficha-programa-modalidad-select":"Escalada de varios largos","ficha-programa-alojamiento":"6","ficha-programa-todo_incluido_logo":"1","lugar_ficha":"","zona_taxonomy":{"term_id":59,"name":"Pirineos","slug":"pirineos-zona","term_group":0,"term_taxonomy_id":59,"taxonomy":"lugar","description":"","parent":0,"count":134,"filter":"raw"},"ficha_taxonomy_temporada":[{"term_id":51,"name":"Invierno","slug":"invierno","term_group":0,"term_taxonomy_id":51,"taxonomy":"temporada","description":"","parent":0,"count":57,"filter":"raw"}],"dias-taxonomy":[{"term_id":37,"name":"2 d\u00edas","slug":"2-dias","term_group":0,"term_taxonomy_id":37,"taxonomy":"dia","description":"","parent":0,"count":39,"filter":"raw"}],"duracion_txt":"2 dias","programa_comentarios":"","dificulad_fisica_text":"","desnivel_txt":"","recorrido":"","ficha_activar_circulos":"si","circulo_dias_num":"40","circulo_desnivel_n6efa6ceb6m":"0","desnivel_circulo":"","nivel_text":["25"],"subtitulo_ficha":"El plan ideal para disfrutar de la escalada cl\u00e1sica en el entorno de Sant Lloren\u00e7 de Montgai.","resumen_ficha":"","ficha-programa-url-heliski":"","ficha-heliski-texto-boton":"","activar_desplegables":"si","ficha_incluido":"","ficha_no_incluido":"","programa-precio-num":"","programa_ratio":"","tarifas_txt":"","ficha_tarifas":"","banner-personalizado":"1","programa-titulo-banner":"","programa-banner-texto-enlace":"","programa-banner-url":"","programa-banner-imagen":false},"_links":{"self":[{"href":"https:\/\/pyreneesguides.compsaonline.com\/en\/wp-json\/wp\/v2\/programa\/3116","targetHints":{"allow":["GET"]}}],"collection":[{"href":"https:\/\/pyreneesguides.compsaonline.com\/en\/wp-json\/wp\/v2\/programa"}],"about":[{"href":"https:\/\/pyreneesguides.compsaonline.com\/en\/wp-json\/wp\/v2\/types\/programa"}],"author":[{"embeddable":true,"href":"https:\/\/pyreneesguides.compsaonline.com\/en\/wp-json\/wp\/v2\/users\/1"}],"replies":[{"embeddable":true,"href":"https:\/\/pyreneesguides.compsaonline.com\/en\/wp-json\/wp\/v2\/comments?post=3116"}],"wp:featuredmedia":[{"embeddable":true,"href":"https:\/\/pyreneesguides.compsaonline.com\/en\/wp-json\/wp\/v2\/media\/3190"}],"wp:attachment":[{"href":"https:\/\/pyreneesguides.compsaonline.com\/en\/wp-json\/wp\/v2\/media?parent=3116"}],"wp:term":[{"taxonomy":"category","embeddable":true,"href":"https:\/\/pyreneesguides.compsaonline.com\/en\/wp-json\/wp\/v2\/categories?post=3116"},{"taxonomy":"post_tag","embeddable":true,"href":"https:\/\/pyreneesguides.compsaonline.com\/en\/wp-json\/wp\/v2\/tags?post=3116"},{"taxonomy":"temporada","embeddable":true,"href":"https:\/\/pyreneesguides.compsaonline.com\/en\/wp-json\/wp\/v2\/temporada?post=3116"},{"taxonomy":"dia","embeddable":true,"href":"https:\/\/pyreneesguides.compsaonline.com\/en\/wp-json\/wp\/v2\/dia?post=3116"},{"taxonomy":"lugar","embeddable":true,"href":"https:\/\/pyreneesguides.compsaonline.com\/en\/wp-json\/wp\/v2\/lugar?post=3116"}],"curies":[{"name":"wp","href":"https:\/\/api.w.org\/{rel}","templated":true}]}}

Sant Llorenç de Montgai: Esperó Sud y Diedre Blanqueta

<h3 class="wp-block-heading"><strong>Diedro Blanqueta (V+, 120 m)</strong></h3>



<ul class="wp-block-list">
<li><strong>Ubicación</strong>: Situada en la pared de Sant Llorenç de Montgai, es una vía clásica muy conocida por su estética y la calidad de la roca calcárea.</li>



<li><strong>Características</strong>:
<ul class="wp-block-list">
<li>El trazado sigue un diedro muy marcado y evidente, lo que hace que la escalada sea muy lógica y técnica.</li>



<li>Combina movimientos de oposición, pasos en fisura y apoyos técnicos en placas.</li>



<li>La dificultad está concentrada en pasos concretos, con secciones sostenidas pero bien protegidas.</li>



<li>Ideal para quienes buscan iniciarse en escaladas de autoprotección, ya que permite colocar seguros flotantes (fisureros o friends) en varias secciones.</li>
</ul>
</li>



<li><strong>Ambiente</strong>: Ofrece vistas espectaculares del embalse de Sant Llorenç y el entorno natural circundante, lo que añade un plus al disfrute de la vía.</li>
</ul>



<h3 class="wp-block-heading"><strong>Esperó Sur (V+, 140 m)</strong></h3>



<ul class="wp-block-list">
<li><strong>Ubicación</strong>: También en Sant Llorenç de Montgai, en una pared cercana al Diedro Blanqueta. Es una de las líneas más clásicas y frecuentadas de la zona.</li>



<li><strong>Características</strong>:
<ul class="wp-block-list">
<li>La vía sigue un espolón bien definido, con pasos variados que alternan entre placas técnicas y pequeñas fisuras.</li>



<li>Aunque la dificultad máxima es similar (V+), tiene una escalada más expuesta en algunos puntos, lo que la hace interesante para escaladores con algo de experiencia.</li>



<li>Los seguros son moderadamente generosos, con parabolts y reuniones equipadas, aunque es recomendable llevar material flotante para complementar.</li>
</ul>
</li>



<li><strong>Ambiente</strong>: La exposición del espolón hace que sea una vía muy fotogénica, perfecta para quienes disfrutan de paisajes abiertos y vistas panorámicas.</li>
</ul>



<p></p>

<p>Diedro Blanqueta (V+, 120 m) Esperó Sur (V+, 140 m)</p>

La escalada es una práctica deportiva que, en su modalidad clásica, consiste en subir o recorrer paredes de roca, u otros relieves naturales caracterizados por su verticalidad, empleando medios de aseguramiento y la posibilidad en su progresión de utilizar medios artificiales. La dificultad de una vía se marca por la combinación de varios factores: la inclinación de la pared, el tamaño y forma de los agarres, la distancia entre ellos, los puntos de reposo y el número total de movimientos.

2 días

El plan ideal para disfrutar de la escalada clásica en el entorno de Sant Llorenç de Montgai.
